{"id":154,"date":"2024-11-11T15:04:12","date_gmt":"2024-11-11T15:04:12","guid":{"rendered":"https:\/\/viviani.raphaelcarvalho.com.br\/?post_type=product&#038;p=154"},"modified":"2024-11-11T15:04:12","modified_gmt":"2024-11-11T15:04:12","slug":"jogo-de-cama-100-algodao-lencol-com-elastico-queen-4-pecas-180-fios-cor-azul","status":"publish","type":"product","link":"https:\/\/viviani.raphaelcarvalho.com.br\/index.php\/produto\/jogo-de-cama-100-algodao-lencol-com-elastico-queen-4-pecas-180-fios-cor-azul\/","title":{"rendered":"Jogo De Cama 100% ALGOD\u00c3O Len\u00e7ol Com Elastico QUEEN 4 Pe\u00e7as 180 Fios COR: AZUL"},"content":{"rendered":"<p>DESCRI\u00c7\u00c3O DO PRODUTO Jogo de Len\u00e7ol QUEEN 4 pe\u00e7as Percal 180 fios &#8211; 100% ALGOD\u00c3O ESPECIALIZA\u00c7\u00d5ES DO PRODUTO &#8211; 01 Len\u00e7ol com elastico &#8211; para colch\u00e3o de 1,98m x 1,58cm x 30cm &#8211; 01 Len\u00e7ol de cima tam: 2,20m x 2,60m &#8211; 01 Fronha tam: 70cm x 50cm COMPOSI\u00c7\u00c3O DO PRODUTO &#8211; Tecido Percal 180 fios &#8211; 100% ALGOD\u00c3O<\/p>\n","protected":false},"excerpt":{"rendered":"<p>DESCRI\u00c7\u00c3O DO PRODUTO Jogo de Len\u00e7ol QUEEN 4 pe\u00e7as Percal 180 fios &#8211; 100% ALGOD\u00c3O ESPECIALIZA\u00c7\u00d5ES DO PRODUTO &#8211; 01 Len\u00e7ol com elastico &#8211; para colch\u00e3o de 1,98m x 1,58cm x 30cm &#8211; 01 Len\u00e7ol de cima tam: 2,20m x 2,60m &#8211; 01 Fronha tam: 70cm x 50cm COMPOSI\u00c7\u00c3O DO PRODUTO &#8211; Tecido Percal 180 [&hellip;]<\/p>\n","protected":false},"featured_media":155,"comment_status":"open","ping_status":"closed","template":"","meta":[],"product_cat":[19],"product_tag":[],"class_list":{"0":"post-154","1":"product","2":"type-product","3":"status-publish","4":"has-post-thumbnail","6":"product_cat-sem-categoria","8":"first","9":"instock","10":"shipping-taxable","11":"purchasable","12":"product-type-simple"},"_links":{"self":[{"href":"https:\/\/viviani.raphaelcarvalho.com.br\/index.php\/wp-json\/wp\/v2\/product\/154","targetHints":{"allow":["GET"]}}],"collection":[{"href":"https:\/\/viviani.raphaelcarvalho.com.br\/index.php\/wp-json\/wp\/v2\/product"}],"about":[{"href":"https:\/\/viviani.raphaelcarvalho.com.br\/index.php\/wp-json\/wp\/v2\/types\/product"}],"replies":[{"embeddable":true,"href":"https:\/\/viviani.raphaelcarvalho.com.br\/index.php\/wp-json\/wp\/v2\/comments?post=154"}],"wp:featuredmedia":[{"embeddable":true,"href":"https:\/\/viviani.raphaelcarvalho.com.br\/index.php\/wp-json\/wp\/v2\/media\/155"}],"wp:attachment":[{"href":"https:\/\/viviani.raphaelcarvalho.com.br\/index.php\/wp-json\/wp\/v2\/media?parent=154"}],"wp:term":[{"taxonomy":"product_cat","embeddable":true,"href":"https:\/\/viviani.raphaelcarvalho.com.br\/index.php\/wp-json\/wp\/v2\/product_cat?post=154"},{"taxonomy":"product_tag","embeddable":true,"href":"https:\/\/viviani.raphaelcarvalho.com.br\/index.php\/wp-json\/wp\/v2\/product_tag?post=154"}],"curies":[{"name":"wp","href":"https:\/\/api.w.org\/{rel}","templated":true}]}}