{"id":156,"date":"2024-11-11T15:04:50","date_gmt":"2024-11-11T15:04:50","guid":{"rendered":"https:\/\/viviani.raphaelcarvalho.com.br\/?post_type=product&#038;p=156"},"modified":"2024-11-11T15:04:50","modified_gmt":"2024-11-11T15:04:50","slug":"jogo-de-toalhas-buddemeyer-fio-penteado-canelado-banho-5-pecas","status":"publish","type":"product","link":"https:\/\/viviani.raphaelcarvalho.com.br\/index.php\/produto\/jogo-de-toalhas-buddemeyer-fio-penteado-canelado-banho-5-pecas\/","title":{"rendered":"Jogo de Toalhas Buddemeyer Fio Penteado Canelado Banho 5 pe\u00e7as"},"content":{"rendered":"<p>Jogo 5 pe\u00e7as Fio Penteado Canelado. Toalhas de banho e rosto em 100% Algod\u00e3o Fio Penteado, sendo corpo em um canelado super macio e com detalhe de barra delicada. Produto de qualidade superior e maior durabilidade. O piso em felpa, tem design texturado e detalhe em moldura; com tamanho diferenciado extra large e ultra volumoso. Toalhas pr\u00e9-lavadas e pr\u00e9-encolhidas. Acabamento especial Buddemeyer que confere alta capacidade de absor\u00e7\u00e3o, oferecendo maciez, toque delicado e volume acentuado, al\u00e9m de brilho natural que real\u00e7a as cores. A Buddemeyer \u00e9 refer\u00eancia em qualidade e estilo.<\/p>\n","protected":false},"excerpt":{"rendered":"<p>Jogo 5 pe\u00e7as Fio Penteado Canelado. Toalhas de banho e rosto em 100% Algod\u00e3o Fio Penteado, sendo corpo em um canelado super macio e com detalhe de barra delicada. Produto de qualidade superior e maior durabilidade. O piso em felpa, tem design texturado e detalhe em moldura; com tamanho diferenciado extra large e ultra volumoso. [&hellip;]<\/p>\n","protected":false},"featured_media":157,"comment_status":"open","ping_status":"closed","template":"","meta":[],"product_cat":[19],"product_tag":[],"class_list":{"0":"post-156","1":"product","2":"type-product","3":"status-publish","4":"has-post-thumbnail","6":"product_cat-sem-categoria","8":"first","9":"instock","10":"shipping-taxable","11":"purchasable","12":"product-type-simple"},"_links":{"self":[{"href":"https:\/\/viviani.raphaelcarvalho.com.br\/index.php\/wp-json\/wp\/v2\/product\/156","targetHints":{"allow":["GET"]}}],"collection":[{"href":"https:\/\/viviani.raphaelcarvalho.com.br\/index.php\/wp-json\/wp\/v2\/product"}],"about":[{"href":"https:\/\/viviani.raphaelcarvalho.com.br\/index.php\/wp-json\/wp\/v2\/types\/product"}],"replies":[{"embeddable":true,"href":"https:\/\/viviani.raphaelcarvalho.com.br\/index.php\/wp-json\/wp\/v2\/comments?post=156"}],"wp:featuredmedia":[{"embeddable":true,"href":"https:\/\/viviani.raphaelcarvalho.com.br\/index.php\/wp-json\/wp\/v2\/media\/157"}],"wp:attachment":[{"href":"https:\/\/viviani.raphaelcarvalho.com.br\/index.php\/wp-json\/wp\/v2\/media?parent=156"}],"wp:term":[{"taxonomy":"product_cat","embeddable":true,"href":"https:\/\/viviani.raphaelcarvalho.com.br\/index.php\/wp-json\/wp\/v2\/product_cat?post=156"},{"taxonomy":"product_tag","embeddable":true,"href":"https:\/\/viviani.raphaelcarvalho.com.br\/index.php\/wp-json\/wp\/v2\/product_tag?post=156"}],"curies":[{"name":"wp","href":"https:\/\/api.w.org\/{rel}","templated":true}]}}