{"id":158,"date":"2024-11-11T15:05:18","date_gmt":"2024-11-11T15:05:18","guid":{"rendered":"https:\/\/viviani.raphaelcarvalho.com.br\/?post_type=product&#038;p=158"},"modified":"2024-11-11T15:05:26","modified_gmt":"2024-11-11T15:05:26","slug":"jogo-de-toalhas-4-pecas-banho-rosto-100-algodao-empire-karsten-emcompre","status":"publish","type":"product","link":"https:\/\/viviani.raphaelcarvalho.com.br\/index.php\/produto\/jogo-de-toalhas-4-pecas-banho-rosto-100-algodao-empire-karsten-emcompre\/","title":{"rendered":"Jogo De Toalhas 4 Pe\u00e7as &#8211; Banho + Rosto 100% Algod\u00e3o Empire Karsten &#8211; Emcompre"},"content":{"rendered":"<p>Deixe Seu Banheiro Mais Charmoso com o jogo de toalhas Banho 4 pe\u00e7as da Karsten. Ao sair do banho \u00e9 ideal que se tenha uma toalha macia e que proporcione conforto, s\u00f3 assim voc\u00ea se sentir\u00e1 completo. Este jogo de toalhas possui um toque macio e excelente absor\u00e7\u00e3o. Mais Qualidade para o seu dia! Este kit cont\u00e9m: 02 Toalhas Rosto (48cm x 70cm) 02 Toalhas Banho (70cm x 135cm) Caracter\u00edsticas Das Toalhas: Composi\u00e7\u00e3o: 100% Algod\u00e3o Gramatura: 380 g\/m\u00b2 Antipilling ( Resistente a Forma\u00e7\u00e3o de Bolinhas) \u00d3tima absor\u00e7\u00e3o Pr\u00e9-encolhido &#8211; Tecnologia para Minimizar a diminui\u00e7\u00e3o quando lavado. Toque ultra macio Fio Cardado Corpo em Piquet SoftMax: Exclusiva tecnologia SoftMax consiste em adicionar ar entre as fibras do algod\u00e3o. Modelo: Empire Marca: Karsten<\/p>\n","protected":false},"excerpt":{"rendered":"<p>Deixe Seu Banheiro Mais Charmoso com o jogo de toalhas Banho 4 pe\u00e7as da Karsten. Ao sair do banho \u00e9 ideal que se tenha uma toalha macia e que proporcione conforto, s\u00f3 assim voc\u00ea se sentir\u00e1 completo. Este jogo de toalhas possui um toque macio e excelente absor\u00e7\u00e3o. Mais Qualidade para o seu dia! Este [&hellip;]<\/p>\n","protected":false},"featured_media":159,"comment_status":"open","ping_status":"closed","template":"","meta":[],"product_cat":[19],"product_tag":[],"class_list":{"0":"post-158","1":"product","2":"type-product","3":"status-publish","4":"has-post-thumbnail","6":"product_cat-sem-categoria","8":"first","9":"instock","10":"shipping-taxable","11":"purchasable","12":"product-type-simple"},"_links":{"self":[{"href":"https:\/\/viviani.raphaelcarvalho.com.br\/index.php\/wp-json\/wp\/v2\/product\/158","targetHints":{"allow":["GET"]}}],"collection":[{"href":"https:\/\/viviani.raphaelcarvalho.com.br\/index.php\/wp-json\/wp\/v2\/product"}],"about":[{"href":"https:\/\/viviani.raphaelcarvalho.com.br\/index.php\/wp-json\/wp\/v2\/types\/product"}],"replies":[{"embeddable":true,"href":"https:\/\/viviani.raphaelcarvalho.com.br\/index.php\/wp-json\/wp\/v2\/comments?post=158"}],"wp:featuredmedia":[{"embeddable":true,"href":"https:\/\/viviani.raphaelcarvalho.com.br\/index.php\/wp-json\/wp\/v2\/media\/159"}],"wp:attachment":[{"href":"https:\/\/viviani.raphaelcarvalho.com.br\/index.php\/wp-json\/wp\/v2\/media?parent=158"}],"wp:term":[{"taxonomy":"product_cat","embeddable":true,"href":"https:\/\/viviani.raphaelcarvalho.com.br\/index.php\/wp-json\/wp\/v2\/product_cat?post=158"},{"taxonomy":"product_tag","embeddable":true,"href":"https:\/\/viviani.raphaelcarvalho.com.br\/index.php\/wp-json\/wp\/v2\/product_tag?post=158"}],"curies":[{"name":"wp","href":"https:\/\/api.w.org\/{rel}","templated":true}]}}